52?
True
Does 23 divide 17121?
False
Is 1068 a multiple of 6?
True
Is 103 a factor of 13699?
True
Is 2368 a multiple of 10?
False
Is 642 a multiple of 107?
True
Is 36775 a multiple of 25?
True
Is 29844 a multiple of 14?
False
Is 2773 even?
False
Does 8 divide 4276?
False
Does 14 divide 1793?
False
Is 12288 a multiple of 64?
True
Is 10 a factor of 1697?
False
Is 3575 a multiple of 23?
False
Is 63 a multiple of 8?
False
Is 26631 a multiple of 99?
True
Does 16 divide 2800?
True
Does 13 divide 6386?
False
Is 3164 even?
True
Does 6 divide 9006?
True
Does 124 divide 55850?
False
Is 4928 a multiple of 11?
True
Does 13 divide 4030?
True
Is 247 a multiple of 19?
True
Does 19 divide 28120?
True
Does 12 divide 984?
True
Does 10 divide 2170?
True
Is 555 a multiple of 37?
True
Is 13901 a multiple of 15?
False
Does 2 divide 1466?
True
Does 20 divide 13060?
True
Does 42 divide 2098?
False
Is 52597 a multiple of 84?
False
Is 80 a factor of 2423?
False
Does 9 divide 51138?
True
Is 196 a multiple of 49?
True
Is 127 a factor of 26621?
False
Is 18886 a multiple of 14?
True
Does 77 divide 2772?
True
Does 15 divide 315?
True
Is 44 a factor of 308?
True
Is 13 a factor of 1131?
True
Is 195 a factor of 390?
True
Does 271 divide 14634?
True
Is 11 a factor of 2554?
False
Does 143 divide 34606?
True
Does 103 divide 8969?
False
Does 18 divide 17532?
True
Is 135 a factor of 9180?
True
Is 3136 a multiple of 48?
False
Is 37363 a multiple of 21?
False
Is 8 a factor of 1583?
False
Does 4 divide 523?
False
Is 157 a factor of 87449?
True
Does 94 divide 3634?
False
Is 945 a multiple of 3?
True
Is 1040 a multiple of 44?
False
Is 974 a multiple of 48?
False
Is 48 a factor of 2688?
True
Is 10920 a multiple of 104?
True
Is 9 a factor of 135?
True
Does 18 divide 436?
False
Does 25 divide 446?
False
Does 81 divide 405?
True
Is 12 a factor of 1190?
False
Is 8016 a multiple of 48?
True
Is 12 a factor of 108?
True
Is 162 a factor of 6733?
False
Does 10 divide 367?
False
Does 45 divide 15075?
True
Is 2205 a multiple of 63?
True
Is 19548 a multiple of 12?
True
Is 1456 a multiple of 56?
True
Is 66 a factor of 2046?
True
Does 15 divide 5228?
False
Is 50 a factor of 1930?
False
Is 9 a factor of 98?
False
Is 6028 a multiple of 4?
True
Does 25 divide 900?
True
Is 2370 a multiple of 3?
True
Is 11 a multiple of 5?
False
Is 3 a factor of 140?
False
Is 1703 a multiple of 9?
False
Is 585 a multiple of 5?
True
Is 915 a multiple of 3?
True
Does 77 divide 19789?
True
Is 134 a factor of 8769?
False
Does 6 divide 3912?
True
Is 3585 a multiple of 15?
True
Is 774 a multiple of 6?
True
Is 169 a multiple of 7?
False
Does 5 divide 160?
True
Is 82 a factor of 738?
True
Is 11424 a multiple of 24?
True
Does 113 divide 5342?
False
Is 7184 a multiple of 88?
False
Is 2178 a multiple of 99?
True
Does 7 divide 756?
True
Is 2315 a multiple of 9?
False
Is 28 a factor of 512?
False
Does 109 divide 43896?
False
Is 8986 a multiple of 126?
False
Is 871 a multiple of 67?
True
Does 18 divide 868?
False
Does 50 divide 5750?
True
Is 40 a factor of 125697?
False
Is 54 a factor of 1026?
True
Is 42975 a multiple of 75?
True
Is 25709 even?
False
Is 726 a multiple of 6?
True
Is 5 a factor of 235?
True
Is 21 a factor of 44164?
False
Is 747 a multiple of 27?
False
Does 10 divide 449?
False
Is 25 a factor of 350?
True
Is 27 a factor of 24003?
True
Does 16 divide 5686?
False
Does 6 divide 2404?
False
Does 53 divide 6572?
True
Is 3 a factor of 7221?
True
Is 86 a factor of 4289?
False
Does 41 divide 410?
True
Is 65448 a multiple of 36?
True
Is 70301 a multiple of 95?
False
Is 77 a factor of 2843?
False
Is 341 a multiple of 24?
False
Does 35 divide 86210?
False
Does 65 divide 604?
False
Is 4 a factor of 1201?
False
Does 36 divide 3348?
True
Does 10 divide 1136?
False
Is 680 a multiple of 40?
True
Is 30481 a multiple of 45?
False
Is 30 a factor of 8310?
True
Is 50 a factor of 26323?
False
Is 420 a multiple of 7?
True
Is 6 a factor of 42?
True
Is 57468 a multiple of 168?
False
Does 11 divide 847?
True
Does 27 divide 458?
False
Does 47 divide 47?
True
Is 243 a factor of 18042?
False
Is 16 a factor of 5008?
True
Is 40128 a multiple of 64?
True
Is 696 a multiple of 3?
True
Does 54 divide 441?
False
Does 165 divide 6356?
False
Is 4 a factor of 2161?
False
Is 228 a multiple of 20?
False
Does 44 divide 1936?
True
Is 161 a factor of 223?
False
Does 14 divide 1596?
True
Does 12 divide 11849?
False
Is 1201 a multiple of 35?
False
Does 34 divide 4828?
True
Is 47120 a multiple of 380?
True
Is 33 a factor of 21648?
True
Does 18 divide 18432?
True
Is 119288 a multiple of 76?
False
Does 31 divide 404?
False
Is 86 a factor of 932?
False
Is 15 a factor of 41745?
True
Does 2 divide 12777?
False
Is 471 a multiple of 11?
False
Is 29184 a multiple of 13?
False
Is 2 a factor of 902?
True
Is 2 a factor of 99?
False
Is 7 a factor of 3528?
True
Is 557 a multiple of 9?
False
Is 17642 a multiple of 20?
False
Is 21072 a multiple of 11?
False
Is 39 a factor of 1092?
True
Is 15 a factor of 45?
True
Is 7029 a multiple of 4?
False
Is 15 a factor of 345?
True
Does 3 divide 711?
True
Is 779 a multiple of 4?
False
Is 620 a multiple of 37?
False
Is 65 a factor of 5882?
False
Does 15 divide 2940?
True
Does 47 divide 1089?
False
Does 9 divide 2385?
True
Does 10 divide 5120?
True
Does 11 divide 39820?
True
Does 169 divide 12337?
True
Does 12 divide 15574?
False
Does 12 divide 84?
True
Is 87 a factor of 21750?
True
Is 46 a factor of 6997?
False
Does 24 divide 384?
True
Is 12 a multiple of 3?
True
Is 1863 a multiple of 23?
True
Is 15312 a multiple of 8?
True
Is 128 a factor of 20430?
False
Is 271 a factor of 12511?
False
Does 3 divide 17428?
False
Is 95 a factor of 5129?
False
Is 45480 a multiple of 24?
True
Is 8129 a multiple of 26?
False
Is 8 a factor of 8053?
False
Does 19 divide 1002?
False
Is 9 a factor of 21911?
False
Is 2616 a multiple of 9?
False
Is 2400 a multiple of 120?
True
Does 92 divide 3269?
False
Does 25 divide 2225?
True
Is 52 a factor of 782?
False
Does 16 divide 15126?
False
Is 8286 even?
True
Does 99 divide 7227?
True
Is 3312 a multiple of 12?
True
Does 67 divide 25408?
False
Is 225 a multiple of 9?
True
Is 3660 a multiple of 6?
True
Does 56 divide 5376?
True
Does 18 divide 28404?
True
Does 15 divide 3345?
True
Does 12 divide 1140?
True
Is 7 a factor of 168?
True
Is 50 a factor of 642?
False
Is 2046 a multiple of 31?
True
Does 181 divide 4163?
True
Is 22 a factor of 10177?
False
Does 5 divide 11035?
True
Is 19 a factor of 653?
False
Is 26 a factor of 15386?
False
Is 312 a multiple of 11?
False
Is 1396 a multiple of 94?
False
Is 52 a factor of 3238?
False
Is 56 a factor of 2016?
True
Is 2767 a multiple of 6?
False
Is 3246 a multiple of 5?
False
Is 11390 a multiple of 34?
True
Is 5 a factor of 85?
True
Is 1820 a multiple of 14?
True
Is 3302 a multiple of 127?
True
Is 11707 a multiple of 16?
False
Is 2 a factor of 186?
True
Is 88 a factor of 440?
True
Does 73 divide 26643?
False
Is 10504 a multiple of 100?
False
Is 16 a factor of 14563?
False
Does 85 divide 11161?
False
Does 36 divide 1044?
True
Is 20 a factor of 720?
True
Does 127 divide 10755?
False
Is 29 a factor of 21721?
True
Does 7 divide 39592?
True
Is 16 a factor of 1408?
True
Is 18 a factor of 36?
True
Is 121 a factor of 20020?
False
Does 47 divide 1271?
False
Is 277 a multiple of 3?
False
Does 17 divide 8500?
True
Is 13 a factor of 169?
True
Is 301 a factor of 15072?
False
Does 22 divide 6380?
True
Does 40 divide 1320?
True
Is 7 a multiple of 7?
True
Is 612 a multiple of 6?
True
Does 35 divide 140?
True
Is 5 a factor of 1990?
True
Does 10 divide 1369?
False
Does 11 divide 249?
False
Is 70 a factor of 12306?
False
Is 8 a factor of 81?
False
Is 80 a factor of 1920?
True
Is 3234 a multiple of 11?
True
Is 15 a factor of 2220?
True
Does 2 divide 393?
False
Is 349 a multiple of 2?
False
Is 24 a factor of 288?
True
Is 10 a factor of 3263?
False
Is 64 a factor of 448?
True
Is 4266 a multiple of 64?
False
Is 704 a multiple of 8?
True
Is 14 a factor of 21546?
True
Is 195 a multiple of 6?
False
Is 336 a multiple of 13?
False
Is 2 a factor of 975?
False
Does 5 divide 2572?
False
Is 1694 a multiple of 5?
False
Does 31 divide 620?
True
Is 42 a factor of 435?
False
Is 3339 a multiple of 9?
True
Is 7 a factor of 48